{"id":2156,"date":"2014-12-02T03:48:37","date_gmt":"2014-12-02T11:48:37","guid":{"rendered":"http:\/\/artelectronicmedia.com\/artwork\/igloo-di-giap-2\/"},"modified":"2014-12-02T03:48:37","modified_gmt":"2014-12-02T11:48:37","slug":"igloo-di-giap-2","status":"publish","type":"artwork","link":"https:\/\/artelectronicmedia.com\/tr\/artwork\/igloo-di-giap-2\/","title":{"rendered":"Igloo di Giap"},"content":{"rendered":"<div style=\"width: 640px;\" class=\"wp-video\"><!--[if lt IE 9]><script>document.createElement('video');<\/script><![endif]-->\n<video class=\"wp-video-shortcode\" id=\"video-2156-1\" width=\"640\" height=\"360\" preload=\"metadata\" controls=\"controls\"><source type=\"video\/youtube\" src=\"https:\/\/www.youtube.com\/watch?v=CG9FkdpMrUA&#038;_=1\" \/><a href=\"https:\/\/www.youtube.com\/watch?v=CG9FkdpMrUA\">https:\/\/www.youtube.com\/watch?v=CG9FkdpMrUA<\/a><\/video><\/div>\n<p>&#13;<\/p>\n<p>&#8221;I\u015f\u0131k eninde sonunda yap\u0131m halinde teknolojik enerjidir; E\u011fer elektrikle kontrol ediliyorsa, makyajl\u0131d\u0131r, ate\u015f ise kontrolsuz ve \u00e7\u0131plakt\u0131r. I\u015f\u0131k insan akl\u0131n\u0131nanla\u015f\u0131l\u0131r bir ntemsilidir; ate\u015fse anla\u015f\u0131lmaz o y\u00fczden temsil de edemez. Dolay\u0131s\u0131 ile neon kullanmak akli kontrolun olanakl\u0131l\u0131\u011f\u0131n\u0131 temsil eder.&#8221; Mario Mertz<\/p>\n<p>&#13;<\/p>\n<p>Merz, ayn\u0131 zamanda hem organik hem teknik vas\u0131fta olan biyolojik ve k\u00fclt\u00fcrel y\u00f6nelimli sistemleri irdelemek \u00fczere elektrik \u0131\u015f\u0131kl\u0131 nesneleri harekete ge\u00e7iriyordu. Sanat\u00e7\u0131 ilk olarak 1966-1967\u2019de Bottle and Neon\u2019da neonla deney yapm\u0131\u015ft\u0131 ve daha sonra bu arac\u0131 \u00e7al\u0131\u015fmalar\u0131n\u0131n temel malzemelerinden birisi haline getirdi.<\/p>\n<p>&#13;<\/p>\n<p>Mitik s\u0131\u011f\u0131nma yerlerini temsil eden bir\u00e7ok arketipik, g\u00f6\u00e7ebe bar\u0131naklardan ilki olan Igloo di Giap, Vietnam Sava\u015f\u0131\u2019n\u0131n g\u00fcn ge\u00e7tik\u00e7e \u00e7o\u011falan kan banyolar\u0131 ortas\u0131nda tasarlanm\u0131\u015ft\u0131. \u00c7al\u0131\u015fman\u0131n ilkel ve modern teknolojileri -\u00e7amur ile elektri\u011fi- birle\u015ftiren neon \u00e7at\u0131s\u0131, Vietkong Generali Vo Nguyen Giap\u2019\u0131n sava\u015f \u00fczerine budizmden ilham ald\u0131\u011f\u0131 s\u00f6z\u00fcn\u00fc yay\u0131yordu.<\/p>\n<p>&#13;<\/p>\n<p>Arte-povera\u2019n\u0131n kilit fig\u00fcrlerinden olan Merz\u2019in \u2018yoksul\u2019 diye an\u0131lan malzemeler kullanmas\u0131 a\u011f\u0131rl\u0131kla kavramsal boyutluydu ve dikkati organik ve inorganik maddenin i\u00e7sel do\u011fas\u0131 ile -simyac\u0131 bir giri\u015fimde birlikte dokudu\u011fu \u00f6\u011feler olan- maddilik ile gayri-maddilik aras\u0131ndaki ili\u015fkide topluyordu.<\/p>\n<p>&#13;<\/p>\n<p>Daha fazla bilgi icin: http:\/\/www.gamtorino.it\/descmostra.php?id=69&amp;type=2&amp;lang=2<\/p>\n<p>&#13;<\/p>\n","protected":false},"author":258,"featured_media":0,"template":"","artist":[5635],"streams":[4],"keywords":[5909,5911,5750,5910],"decade":[6053],"media":[6072],"class_list":["post-2156","artwork","type-artwork","status-publish","hentry","artist-mario-merz-tr","streams-hareket-sure-isiklandirma","keywords-flame-tr","keywords-human-mind-tr","keywords-light-tr","keywords-mental-control-tr","decade-1960s-tr","media-installation-tr"],"_links":{"self":[{"href":"https:\/\/artelectronicmedia.com\/tr\/wp-json\/wp\/v2\/artwork\/2156","targetHints":{"allow":["GET"]}}],"collection":[{"href":"https:\/\/artelectronicmedia.com\/tr\/wp-json\/wp\/v2\/artwork"}],"about":[{"href":"https:\/\/artelectronicmedia.com\/tr\/wp-json\/wp\/v2\/types\/artwork"}],"author":[{"embeddable":true,"href":"https:\/\/artelectronicmedia.com\/tr\/wp-json\/wp\/v2\/users\/258"}],"version-history":[{"count":0,"href":"https:\/\/artelectronicmedia.com\/tr\/wp-json\/wp\/v2\/artwork\/2156\/revisions"}],"wp:attachment":[{"href":"https:\/\/artelectronicmedia.com\/tr\/wp-json\/wp\/v2\/media?parent=2156"}],"wp:term":[{"taxonomy":"artist","embeddable":true,"href":"https:\/\/artelectronicmedia.com\/tr\/wp-json\/wp\/v2\/artist?post=2156"},{"taxonomy":"streams","embeddable":true,"href":"https:\/\/artelectronicmedia.com\/tr\/wp-json\/wp\/v2\/streams?post=2156"},{"taxonomy":"keywords","embeddable":true,"href":"https:\/\/artelectronicmedia.com\/tr\/wp-json\/wp\/v2\/keywords?post=2156"},{"taxonomy":"decade","embeddable":true,"href":"https:\/\/artelectronicmedia.com\/tr\/wp-json\/wp\/v2\/decade?post=2156"},{"taxonomy":"media","embeddable":true,"href":"https:\/\/artelectronicmedia.com\/tr\/wp-json\/wp\/v2\/media?post=2156"}],"curies":[{"name":"wp","href":"https:\/\/api.w.org\/{rel}","templated":true}]}}

<div style="width: 640px;" class="wp-video"><!--[if lt IE 9]><script>document.createElement('video');</script><![endif]-->
<video class="wp-video-shortcode" id="video-2156-1" width="640" height="360" preload="metadata" controls="controls"><source type="video/youtube" src="https://www.youtube.com/watch?v=CG9FkdpMrUA&#038;_=1" /><a href="https://www.youtube.com/watch?v=CG9FkdpMrUA">https://www.youtube.com/watch?v=CG9FkdpMrUA</a></video></div>
<p>&#13;</p>
<p>&#8221;Işık eninde sonunda yapım halinde teknolojik enerjidir; Eğer elektrikle kontrol ediliyorsa, makyajlıdır, ateş ise kontrolsuz ve çıplaktır. Işık insan aklınınanlaşılır bir ntemsilidir; ateşse anlaşılmaz o yüzden temsil de edemez. Dolayısı ile neon kullanmak akli kontrolun olanaklılığını temsil eder.&#8221; Mario Mertz</p>
<p>&#13;</p>
<p>Merz, aynı zamanda hem organik hem teknik vasıfta olan biyolojik ve kültürel yönelimli sistemleri irdelemek üzere elektrik ışıklı nesneleri harekete geçiriyordu. Sanatçı ilk olarak 1966-1967’de Bottle and Neon’da neonla deney yapmıştı ve daha sonra bu aracı çalışmalarının temel malzemelerinden birisi haline getirdi.</p>
<p>&#13;</p>
<p>Mitik sığınma yerlerini temsil eden birçok arketipik, göçebe barınaklardan ilki olan Igloo di Giap, Vietnam Savaşı’nın gün geçtikçe çoğalan kan banyoları ortasında tasarlanmıştı. Çalışmanın ilkel ve modern teknolojileri -çamur ile elektriği- birleştiren neon çatısı, Vietkong Generali Vo Nguyen Giap’ın savaş üzerine budizmden ilham aldığı sözünü yayıyordu.</p>
<p>&#13;</p>
<p>Arte-povera’nın kilit figürlerinden olan Merz’in ‘yoksul’ diye anılan malzemeler kullanması ağırlıkla kavramsal boyutluydu ve dikkati organik ve inorganik maddenin içsel doğası ile -simyacı bir girişimde birlikte dokuduğu öğeler olan- maddilik ile gayri-maddilik arasındaki ilişkide topluyordu.</p>
<p>&#13;</p>
<p>Daha fazla bilgi icin: http://www.gamtorino.it/descmostra.php?id=69&amp;type=2&amp;lang=2</p>
<p>&#13;</p>
