{"id":13842,"date":"2021-01-14T02:53:18","date_gmt":"2021-01-14T10:53:18","guid":{"rendered":"https:\/\/artelectronicmedia.com\/artwork\/escala\/"},"modified":"2021-01-14T04:02:29","modified_gmt":"2021-01-14T12:02:29","slug":"escala","status":"publish","type":"artwork","link":"https:\/\/artelectronicmedia.com\/pt-br\/artwork\/escala\/","title":{"rendered":"Escala"},"content":{"rendered":"<div style=\"width: 640px;\" class=\"wp-video\"><!--[if lt IE 9]><script>document.createElement('video');<\/script><![endif]-->\n<video class=\"wp-video-shortcode\" id=\"video-13842-1\" width=\"640\" height=\"360\" preload=\"metadata\" controls=\"controls\"><source type=\"video\/vimeo\" src=\"https:\/\/vimeo.com\/19933816?loop=0&#038;_=1\" \/><a href=\"https:\/\/vimeo.com\/19933816?loop=0\">https:\/\/vimeo.com\/19933816?loop=0<\/a><\/video><\/div>\n<p><em>escala<\/em> \u00e9 um projeto de arte interesp\u00e9cie: uma instala\u00e7\u00e3o interativa de p\u00fablico que envolve peixes el\u00e9tricos noturnos da Bacia do Rio Amazonas. Doze esp\u00e9cies diferentes desses peixes comp\u00f5em um &#8220;coro&#8221; cujos campos el\u00e9tricos sonificados fornecem os tons de origem para um ambiente audiovisual imersivo. Os peixes est\u00e3o alojados em tanques individuais configurados em um arco personalizado de esquadrias de alum\u00ednio colocadas em torno de um p\u00f3dio central. Cada peixe pode ser ouvido \u2014 n\u00e3o processado ou com efeitos digitais adicionados, com controle imediato sobre o volume atrav\u00e9s de um painel touchscreen \u2014 atrav\u00e9s de um sistema de som surround de 12 canais e com matrizes LED sob cada tanque para feedback visual. Todo o software foi projetado sob medida.<!--break--><\/p>\n<p><img fetchpriority=\"high\" decoding=\"async\" class=\"alignnone wp-image-13826\" src=\"https:\/\/artelectronicmedia.com\/wp-content\/uploads\/Screen-Shot-2021-01-14-at-2.47.17-AM-300x169.png\" alt=\"\" width=\"641\" height=\"363\" srcset=\"https:\/\/artelectronicmedia.com\/wp-content\/uploads\/Screen-Shot-2021-01-14-at-2.47.17-AM-300x169.png 300w, https:\/\/artelectronicmedia.com\/wp-content\/uploads\/Screen-Shot-2021-01-14-at-2.47.17-AM-1024x579.png 1024w, https:\/\/artelectronicmedia.com\/wp-content\/uploads\/Screen-Shot-2021-01-14-at-2.47.17-AM-768x434.png 768w, https:\/\/artelectronicmedia.com\/wp-content\/uploads\/Screen-Shot-2021-01-14-at-2.47.17-AM-1536x868.png 1536w, https:\/\/artelectronicmedia.com\/wp-content\/uploads\/Screen-Shot-2021-01-14-at-2.47.17-AM-2048x1157.png 2048w\" sizes=\"(max-width: 641px) 100vw, 641px\" \/><\/p>\n<p>Os l\u00edderes do projeto s\u00e3o compostos por um compositor\/designer de som (Jay Alan Yim), um artista visual (Marlena Novak), e um engenheiro neural (Malcolm MacIver). Novak e Yim, colaborando como  <a href=\"http:\/\/www.localstyle.tv\">localStyle<\/a>, fazer trabalhos intermedi\u00e1rios motivados pelo tema da percep\u00e7\u00e3o e que exploram temas como limites relacionados a propriedades f\u00edsicas e intang\u00edveis, quest\u00f5es de invas\u00e3o e o comportamento de acasalamento de vermes marinhos hermafroditas.  <a href=\"http:\/\/www.neuromech.northwestern.edu\" target=\"_blank\" rel=\"noopener noreferrer\">A pesquisa de MacIver<\/a> se concentra no processamento sensorial e na locomo\u00e7\u00e3o em peixes el\u00e9tricos e traduzindo esta pesquisa em novas tecnologias bio-inspiradas para sensoriamento e propuls\u00e3o subaqu\u00e1tica atrav\u00e9s de rob\u00f4s de peixe avan\u00e7ados.<\/p>\n<p>A estreia mundial de <em>escala<\/em> ocorreu no STRP Festival (18 a 28 de novembro de 2010, Eindhoven, NL), um dos mais importantes apresentadores de arte e tecnologia da Europa. O projeto foi apoiado em parte por subs\u00eddios do Centro de Pesquisa Interdisciplinar em Artes, do Conselho de Bolsas de Pesquisa da Universidade northwestern e da Sociedade Murphy.<\/p>\n<p><em>escala<\/em> tamb\u00e9m foi apresentada no <a href=\"http:\/\/www.mediaartchina.org\" target=\"_blank\" rel=\"noopener noreferrer\">TransLife Triennial<\/a> no Museu Nacional de Arte da China em Pequim, 27 de julho a 17 de agosto de 2011.<\/p>\n<p>Texto da entrada em v\u00eddeo document\u00e1rio: http:\/\/vimeo.com\/19933816 (citado em 6 de julho de 2011)<\/p>\n","protected":false},"author":4,"featured_media":9302,"template":"","artist":[862,860,859,858],"streams":[6658,6659],"keywords":[6662,6663,6664,6660,6661],"decade":[6408],"media":[6414,6111],"class_list":["post-13842","artwork","type-artwork","status-publish","has-post-thumbnail","hentry","artist-jay-alan-yim","artist-localstyle","artist-malcolm-maciver","artist-marlena-novak","streams-ambientes-carregados","streams-exposicoes-instituicoes-comunidades-colaboracoes","keywords-colaboracao","keywords-interatividade","keywords-peixe","keywords-som","keywords-sonificacao","decade-anos-2010","media-instalacao","media-video-pt-br"],"_links":{"self":[{"href":"https:\/\/artelectronicmedia.com\/pt-br\/wp-json\/wp\/v2\/artwork\/13842","targetHints":{"allow":["GET"]}}],"collection":[{"href":"https:\/\/artelectronicmedia.com\/pt-br\/wp-json\/wp\/v2\/artwork"}],"about":[{"href":"https:\/\/artelectronicmedia.com\/pt-br\/wp-json\/wp\/v2\/types\/artwork"}],"author":[{"embeddable":true,"href":"https:\/\/artelectronicmedia.com\/pt-br\/wp-json\/wp\/v2\/users\/4"}],"version-history":[{"count":1,"href":"https:\/\/artelectronicmedia.com\/pt-br\/wp-json\/wp\/v2\/artwork\/13842\/revisions"}],"predecessor-version":[{"id":13845,"href":"https:\/\/artelectronicmedia.com\/pt-br\/wp-json\/wp\/v2\/artwork\/13842\/revisions\/13845"}],"wp:featuredmedia":[{"embeddable":true,"href":"https:\/\/artelectronicmedia.com\/pt-br\/wp-json\/wp\/v2\/media\/9302"}],"wp:attachment":[{"href":"https:\/\/artelectronicmedia.com\/pt-br\/wp-json\/wp\/v2\/media?parent=13842"}],"wp:term":[{"taxonomy":"artist","embeddable":true,"href":"https:\/\/artelectronicmedia.com\/pt-br\/wp-json\/wp\/v2\/artist?post=13842"},{"taxonomy":"streams","embeddable":true,"href":"https:\/\/artelectronicmedia.com\/pt-br\/wp-json\/wp\/v2\/streams?post=13842"},{"taxonomy":"keywords","embeddable":true,"href":"https:\/\/artelectronicmedia.com\/pt-br\/wp-json\/wp\/v2\/keywords?post=13842"},{"taxonomy":"decade","embeddable":true,"href":"https:\/\/artelectronicmedia.com\/pt-br\/wp-json\/wp\/v2\/decade?post=13842"},{"taxonomy":"media","embeddable":true,"href":"https:\/\/artelectronicmedia.com\/pt-br\/wp-json\/wp\/v2\/media?post=13842"}],"curies":[{"name":"wp","href":"https:\/\/api.w.org\/{rel}","templated":true}]}}

<div style="width: 640px;" class="wp-video"><!--[if lt IE 9]><script>document.createElement('video');</script><![endif]-->
<video class="wp-video-shortcode" id="video-13842-1" width="640" height="360" preload="metadata" controls="controls"><source type="video/vimeo" src="https://vimeo.com/19933816?loop=0&#038;_=1" /><a href="https://vimeo.com/19933816?loop=0">https://vimeo.com/19933816?loop=0</a></video></div>
<p><em>escala</em> é um projeto de arte interespécie: uma instalação interativa de público que envolve peixes elétricos noturnos da Bacia do Rio Amazonas. Doze espécies diferentes desses peixes compõem um &#8220;coro&#8221; cujos campos elétricos sonificados fornecem os tons de origem para um ambiente audiovisual imersivo. Os peixes estão alojados em tanques individuais configurados em um arco personalizado de esquadrias de alumínio colocadas em torno de um pódio central. Cada peixe pode ser ouvido — não processado ou com efeitos digitais adicionados, com controle imediato sobre o volume através de um painel touchscreen — através de um sistema de som surround de 12 canais e com matrizes LED sob cada tanque para feedback visual. Todo o software foi projetado sob medida.<!--break--></p>
<p><img fetchpriority="high" decoding="async" class="alignnone wp-image-13826" src="https://artelectronicmedia.com/wp-content/uploads/Screen-Shot-2021-01-14-at-2.47.17-AM-300x169.png" alt="" width="641" height="363" srcset="https://artelectronicmedia.com/wp-content/uploads/Screen-Shot-2021-01-14-at-2.47.17-AM-300x169.png 300w, https://artelectronicmedia.com/wp-content/uploads/Screen-Shot-2021-01-14-at-2.47.17-AM-1024x579.png 1024w, https://artelectronicmedia.com/wp-content/uploads/Screen-Shot-2021-01-14-at-2.47.17-AM-768x434.png 768w, https://artelectronicmedia.com/wp-content/uploads/Screen-Shot-2021-01-14-at-2.47.17-AM-1536x868.png 1536w, https://artelectronicmedia.com/wp-content/uploads/Screen-Shot-2021-01-14-at-2.47.17-AM-2048x1157.png 2048w" sizes="(max-width: 641px) 100vw, 641px" /></p>
<p>Os líderes do projeto são compostos por um compositor/designer de som (Jay Alan Yim), um artista visual (Marlena Novak), e um engenheiro neural (Malcolm MacIver). Novak e Yim, colaborando como  <a href="http://www.localstyle.tv">localStyle</a>, fazer trabalhos intermediários motivados pelo tema da percepção e que exploram temas como limites relacionados a propriedades físicas e intangíveis, questões de invasão e o comportamento de acasalamento de vermes marinhos hermafroditas.  <a href="http://www.neuromech.northwestern.edu" target="_blank" rel="noopener noreferrer">A pesquisa de MacIver</a> se concentra no processamento sensorial e na locomoção em peixes elétricos e traduzindo esta pesquisa em novas tecnologias bio-inspiradas para sensoriamento e propulsão subaquática através de robôs de peixe avançados.</p>
<p>A estreia mundial de <em>escala</em> ocorreu no STRP Festival (18 a 28 de novembro de 2010, Eindhoven, NL), um dos mais importantes apresentadores de arte e tecnologia da Europa. O projeto foi apoiado em parte por subsídios do Centro de Pesquisa Interdisciplinar em Artes, do Conselho de Bolsas de Pesquisa da Universidade northwestern e da Sociedade Murphy.</p>
<p><em>escala</em> também foi apresentada no <a href="http://www.mediaartchina.org" target="_blank" rel="noopener noreferrer">TransLife Triennial</a> no Museu Nacional de Arte da China em Pequim, 27 de julho a 17 de agosto de 2011.</p>
<p>Texto da entrada em vídeo documentário: http://vimeo.com/19933816 (citado em 6 de julho de 2011)</p>
